{"id":480,"date":"2021-08-13T18:56:23","date_gmt":"2021-08-13T23:56:23","guid":{"rendered":"https:\/\/adjointevirtuellenr.com\/?page_id=480"},"modified":"2021-10-15T18:11:02","modified_gmt":"2021-10-15T23:11:02","slug":"pro-soutien-administratif","status":"publish","type":"page","link":"https:\/\/naroadjointevirtuelle.com\/?page_id=480","title":{"rendered":"Soutien administratifs divers"},"content":{"rendered":"\n<ul class=\"wp-block-list\"><li>Pr\u00e9paration de vos r\u00e9unions&nbsp;: CA, d\u2019\u00e9quipe, etc. (r\u00e9servation de salle, invitation et rappel)<\/li><li>Saisie de donn\u00e9es<\/li><li>Gestion de votre agenda<\/li><li>Retour d\u2019appel<\/li><li>Organisation des rendez-vous<\/li><li>Planification de vos d\u00e9placements<\/li><li>Mises \u00e0 jour de vos contacts<\/li><li>Recherches sur le web<\/li><li>Toutes autres t\u00e2ches cl\u00e9ricales requises<\/li><li>R\u00e9vision, correction de textes\/Transcription<\/li><li>Lecture de vos documents et correction<\/li><li>Recherche d\u2019erreurs oubli\u00e9es dans un texte<\/li><li>Observation du discours s\u2019il est clair et structur\u00e9<\/li><li>Regard sur l\u2019aspect visuel d\u2019un document et l\u2019uniformiser si n\u00e9cessaire<\/li><li>Am\u00e9lioration du texte (ci-besoin)<\/li><li>Relecture et r\u00e9vision<\/li><\/ul>\n\n\n\n<p class=\"has-large-font-size\"><strong>Transcription<\/strong><\/p>\n\n\n\n<p>\u00c0 partir d\u2019un document manuscrit, d\u2019un fichier audio ou une vid\u00e9o pour ensuite r\u00e9diger le tout en format \u00e9lectronique.<\/p>\n\n\n\n<p class=\"has-large-font-size\"><strong>Organisation d\u2019\u00e9v\u00e8nements<\/strong><\/p>\n\n\n\n\n\n<ul class=\"wp-block-list\"><li>Party de bureau (No\u00ebl ou autre)<\/li><li>Organisation et coordination d\u2019\u00e9v\u00e8nements sp\u00e9ciaux<ul><li>R\u00e9servation de la salle, du traiteur, etc.<\/li><li>Cr\u00e9ation et envoi des invitations pour les invit\u00e9s<\/li><li>Th\u00e8me, d\u00e9coration, jeux<\/li><\/ul><\/li><li>Suivi des r\u00e9servations<\/li><li>Obtention de permis d\u2019alcool<\/li><li>Cr\u00e9ation de brochure et publicit\u00e9 ou pr\u00e9sentation<\/li><li>Recherches diverses (produits, fournisseurs, informations diverses, etc.)<\/li><\/ul>\n","protected":false},"excerpt":{"rendered":"<p>Pr\u00e9paration de vos r\u00e9unions&nbsp;: CA, d\u2019\u00e9quipe, etc. (r\u00e9servation de salle, invitation et rappel) Saisie de donn\u00e9es Gestion de votre agenda Retour d\u2019appel Organisation des rendez-vous Planification de vos d\u00e9placements Mises \u00e0 jour de vos contacts Recherches sur le web Toutes autres t\u00e2ches cl\u00e9ricales requises R\u00e9vision, correction de textes\/Transcription Lecture de vos documents et correction Recherche [&hellip;]<\/p>\n","protected":false},"author":1,"featured_media":0,"parent":0,"menu_order":0,"comment_status":"closed","ping_status":"closed","template":"","meta":{"_editorskit_title_hidden":false,"_editorskit_reading_time":1,"_editorskit_is_block_options_detached":false,"_editorskit_block_options_position":"{}","gt_page_layout":"","gt_hide_page_title":false,"gt_remove_bottom_margin":false,"footnotes":""},"class_list":["post-480","page","type-page","status-publish","hentry"],"yoast_head":"<!-- This site is optimized with the Yoast SEO plugin v27.4 - https:\/\/yoast.com\/product\/yoast-seo-wordpress\/ -->\n<title>Soutien administratifs divers -<\/title>\n<meta name=\"description\" content=\"Le temps, c\u2019est de l\u2019argent\u2009! En tant qu\u2019adjointe virtuelle, c\u2019est ce que je vous offre en effectuant les t\u00e2ches qui prennent trop de votre temps. Je facilite votre vie en prenant en charge le travail d\u2019une adjointe administrative ou d\u2019une technicienne comptable pour vous lib\u00e9rer.\" \/>\n<meta name=\"robots\" content=\"index, follow, max-snippet:-1, max-image-preview:large, max-video-preview:-1\" \/>\n<link rel=\"canonical\" href=\"https:\/\/naroadjointevirtuelle.com\/?page_id=480\" \/>\n<meta property=\"og:locale\" content=\"fr_FR\" \/>\n<meta property=\"og:type\" content=\"article\" \/>\n<meta property=\"og:title\" content=\"Soutien administratifs divers -\" \/>\n<meta property=\"og:description\" content=\"Le temps, c\u2019est de l\u2019argent\u2009! En tant qu\u2019adjointe virtuelle, c\u2019est ce que je vous offre en effectuant les t\u00e2ches qui prennent trop de votre temps. Je facilite votre vie en prenant en charge le travail d\u2019une adjointe administrative ou d\u2019une technicienne comptable pour vous lib\u00e9rer.\" \/>\n<meta property=\"og:url\" content=\"https:\/\/naroadjointevirtuelle.com\/?page_id=480\" \/>\n<meta property=\"article:modified_time\" content=\"2021-10-15T23:11:02+00:00\" \/>\n<meta name=\"twitter:card\" content=\"summary_large_image\" \/>\n<meta name=\"twitter:label1\" content=\"Dur\u00e9e de lecture estim\u00e9e\" \/>\n\t<meta name=\"twitter:data1\" content=\"1 minute\" \/>\n<script type=\"application\/ld+json\" class=\"yoast-schema-graph\">{\"@context\":\"https:\\\/\\\/schema.org\",\"@graph\":[{\"@type\":\"WebPage\",\"@id\":\"https:\\\/\\\/naroadjointevirtuelle.com\\\/?page_id=480\",\"url\":\"https:\\\/\\\/naroadjointevirtuelle.com\\\/?page_id=480\",\"name\":\"Soutien administratifs divers -\",\"isPartOf\":{\"@id\":\"https:\\\/\\\/naroadjointevirtuelle.com\\\/#website\"},\"datePublished\":\"2021-08-13T23:56:23+00:00\",\"dateModified\":\"2021-10-15T23:11:02+00:00\",\"description\":\"Le temps, c\u2019est de l\u2019argent\u2009! En tant qu\u2019adjointe virtuelle, c\u2019est ce que je vous offre en effectuant les t\u00e2ches qui prennent trop de votre temps. Je facilite votre vie en prenant en charge le travail d\u2019une adjointe administrative ou d\u2019une technicienne comptable pour vous lib\u00e9rer.\",\"breadcrumb\":{\"@id\":\"https:\\\/\\\/naroadjointevirtuelle.com\\\/?page_id=480#breadcrumb\"},\"inLanguage\":\"fr-FR\",\"potentialAction\":[{\"@type\":\"ReadAction\",\"target\":[\"https:\\\/\\\/naroadjointevirtuelle.com\\\/?page_id=480\"]}]},{\"@type\":\"BreadcrumbList\",\"@id\":\"https:\\\/\\\/naroadjointevirtuelle.com\\\/?page_id=480#breadcrumb\",\"itemListElement\":[{\"@type\":\"ListItem\",\"position\":1,\"name\":\"Accueil\",\"item\":\"https:\\\/\\\/naroadjointevirtuelle.com\\\/\"},{\"@type\":\"ListItem\",\"position\":2,\"name\":\"Soutien administratifs divers\"}]},{\"@type\":\"WebSite\",\"@id\":\"https:\\\/\\\/naroadjointevirtuelle.com\\\/#website\",\"url\":\"https:\\\/\\\/naroadjointevirtuelle.com\\\/\",\"name\":\"\",\"description\":\"\",\"publisher\":{\"@id\":\"https:\\\/\\\/naroadjointevirtuelle.com\\\/#organization\"},\"potentialAction\":[{\"@type\":\"SearchAction\",\"target\":{\"@type\":\"EntryPoint\",\"urlTemplate\":\"https:\\\/\\\/naroadjointevirtuelle.com\\\/?s={search_term_string}\"},\"query-input\":{\"@type\":\"PropertyValueSpecification\",\"valueRequired\":true,\"valueName\":\"search_term_string\"}}],\"inLanguage\":\"fr-FR\"},{\"@type\":\"Organization\",\"@id\":\"https:\\\/\\\/naroadjointevirtuelle.com\\\/#organization\",\"name\":\"Naro Adjointe Virtuelle\",\"url\":\"https:\\\/\\\/naroadjointevirtuelle.com\\\/\",\"logo\":{\"@type\":\"ImageObject\",\"inLanguage\":\"fr-FR\",\"@id\":\"https:\\\/\\\/naroadjointevirtuelle.com\\\/#\\\/schema\\\/logo\\\/image\\\/\",\"url\":\"https:\\\/\\\/naroadjointevirtuelle.com\\\/wp-content\\\/uploads\\\/2022\\\/04\\\/Logo_NARO-modifie-1-e1650312010949.png\",\"contentUrl\":\"https:\\\/\\\/naroadjointevirtuelle.com\\\/wp-content\\\/uploads\\\/2022\\\/04\\\/Logo_NARO-modifie-1-e1650312010949.png\",\"width\":218,\"height\":75,\"caption\":\"Naro Adjointe Virtuelle\"},\"image\":{\"@id\":\"https:\\\/\\\/naroadjointevirtuelle.com\\\/#\\\/schema\\\/logo\\\/image\\\/\"}}]}<\/script>\n<!-- \/ Yoast SEO plugin. -->","yoast_head_json":{"title":"Soutien administratifs divers -","description":"Le temps, c\u2019est de l\u2019argent\u2009! En tant qu\u2019adjointe virtuelle, c\u2019est ce que je vous offre en effectuant les t\u00e2ches qui prennent trop de votre temps. Je facilite votre vie en prenant en charge le travail d\u2019une adjointe administrative ou d\u2019une technicienne comptable pour vous lib\u00e9rer.","robots":{"index":"index","follow":"follow","max-snippet":"max-snippet:-1","max-image-preview":"max-image-preview:large","max-video-preview":"max-video-preview:-1"},"canonical":"https:\/\/naroadjointevirtuelle.com\/?page_id=480","og_locale":"fr_FR","og_type":"article","og_title":"Soutien administratifs divers -","og_description":"Le temps, c\u2019est de l\u2019argent\u2009! En tant qu\u2019adjointe virtuelle, c\u2019est ce que je vous offre en effectuant les t\u00e2ches qui prennent trop de votre temps. Je facilite votre vie en prenant en charge le travail d\u2019une adjointe administrative ou d\u2019une technicienne comptable pour vous lib\u00e9rer.","og_url":"https:\/\/naroadjointevirtuelle.com\/?page_id=480","article_modified_time":"2021-10-15T23:11:02+00:00","twitter_card":"summary_large_image","twitter_misc":{"Dur\u00e9e de lecture estim\u00e9e":"1 minute"},"schema":{"@context":"https:\/\/schema.org","@graph":[{"@type":"WebPage","@id":"https:\/\/naroadjointevirtuelle.com\/?page_id=480","url":"https:\/\/naroadjointevirtuelle.com\/?page_id=480","name":"Soutien administratifs divers -","isPartOf":{"@id":"https:\/\/naroadjointevirtuelle.com\/#website"},"datePublished":"2021-08-13T23:56:23+00:00","dateModified":"2021-10-15T23:11:02+00:00","description":"Le temps, c\u2019est de l\u2019argent\u2009! En tant qu\u2019adjointe virtuelle, c\u2019est ce que je vous offre en effectuant les t\u00e2ches qui prennent trop de votre temps. Je facilite votre vie en prenant en charge le travail d\u2019une adjointe administrative ou d\u2019une technicienne comptable pour vous lib\u00e9rer.","breadcrumb":{"@id":"https:\/\/naroadjointevirtuelle.com\/?page_id=480#breadcrumb"},"inLanguage":"fr-FR","potentialAction":[{"@type":"ReadAction","target":["https:\/\/naroadjointevirtuelle.com\/?page_id=480"]}]},{"@type":"BreadcrumbList","@id":"https:\/\/naroadjointevirtuelle.com\/?page_id=480#breadcrumb","itemListElement":[{"@type":"ListItem","position":1,"name":"Accueil","item":"https:\/\/naroadjointevirtuelle.com\/"},{"@type":"ListItem","position":2,"name":"Soutien administratifs divers"}]},{"@type":"WebSite","@id":"https:\/\/naroadjointevirtuelle.com\/#website","url":"https:\/\/naroadjointevirtuelle.com\/","name":"","description":"","publisher":{"@id":"https:\/\/naroadjointevirtuelle.com\/#organization"},"potentialAction":[{"@type":"SearchAction","target":{"@type":"EntryPoint","urlTemplate":"https:\/\/naroadjointevirtuelle.com\/?s={search_term_string}"},"query-input":{"@type":"PropertyValueSpecification","valueRequired":true,"valueName":"search_term_string"}}],"inLanguage":"fr-FR"},{"@type":"Organization","@id":"https:\/\/naroadjointevirtuelle.com\/#organization","name":"Naro Adjointe Virtuelle","url":"https:\/\/naroadjointevirtuelle.com\/","logo":{"@type":"ImageObject","inLanguage":"fr-FR","@id":"https:\/\/naroadjointevirtuelle.com\/#\/schema\/logo\/image\/","url":"https:\/\/naroadjointevirtuelle.com\/wp-content\/uploads\/2022\/04\/Logo_NARO-modifie-1-e1650312010949.png","contentUrl":"https:\/\/naroadjointevirtuelle.com\/wp-content\/uploads\/2022\/04\/Logo_NARO-modifie-1-e1650312010949.png","width":218,"height":75,"caption":"Naro Adjointe Virtuelle"},"image":{"@id":"https:\/\/naroadjointevirtuelle.com\/#\/schema\/logo\/image\/"}}]}},"_links":{"self":[{"href":"https:\/\/naroadjointevirtuelle.com\/index.php?rest_route=\/wp\/v2\/pages\/480","targetHints":{"allow":["GET"]}}],"collection":[{"href":"https:\/\/naroadjointevirtuelle.com\/index.php?rest_route=\/wp\/v2\/pages"}],"about":[{"href":"https:\/\/naroadjointevirtuelle.com\/index.php?rest_route=\/wp\/v2\/types\/page"}],"author":[{"embeddable":true,"href":"https:\/\/naroadjointevirtuelle.com\/index.php?rest_route=\/wp\/v2\/users\/1"}],"replies":[{"embeddable":true,"href":"https:\/\/naroadjointevirtuelle.com\/index.php?rest_route=%2Fwp%2Fv2%2Fcomments&post=480"}],"version-history":[{"count":9,"href":"https:\/\/naroadjointevirtuelle.com\/index.php?rest_route=\/wp\/v2\/pages\/480\/revisions"}],"predecessor-version":[{"id":805,"href":"https:\/\/naroadjointevirtuelle.com\/index.php?rest_route=\/wp\/v2\/pages\/480\/revisions\/805"}],"wp:attachment":[{"href":"https:\/\/naroadjointevirtuelle.com\/index.php?rest_route=%2Fwp%2Fv2%2Fmedia&parent=480"}],"curies":[{"name":"wp","href":"https:\/\/api.w.org\/{rel}","templated":true}]}}